?
0
What is the hundreds digit of 294535?
5
What is the tens digit of 469624?
2
What is the thousands digit of 804822?
4
What is the hundreds digit of 5780219?
2
What is the hundreds digit of 334412?
4
What is the ten millions digit of 10269456?
1
What is the units digit of 1187808?
8
What is the thousands digit of 244383?
4
What is the millions digit of 1002266?
1
What is the millions digit of 4200710?
4
What is the thousands digit of 268050?
8
What is the ten thousands digit of 12672996?
7
What is the ten millions digit of 32512559?
3
What is the ten thousands digit of 133785?
3
What is the units digit of 219130?
0
What is the hundred thousands digit of 302682?
3
What is the hundreds digit of 139781?
7
What is the ten thousands digit of 7296247?
9
What is the thousands digit of 1103926?
3
What is the hundred thousands digit of 5742970?
7
What is the tens digit of 30032851?
5
What is the units digit of 296826?
6
What is the hundreds digit of 168904?
9
What is the ten thousands digit of 1893593?
9
What is the thousands digit of 638450?
8
What is the hundreds digit of 74065?
0
What is the hundreds digit of 770989?
9
What is the tens digit of 2781360?
6
What is the ten thousands digit of 847521?
4
What is the ten thousands digit of 8597577?
9
What is the thousands digit of 6158031?
8
What is the hundreds digit of 640296?
2
What is the thousands digit of 29567?
9
What is the hundreds digit of 147172?
1
What is the hundreds digit of 5398571?
5
What is the hundred thousands digit of 781178?
7
What is the thousands digit of 466348?
6
What is the ten thousands digit of 2545102?
4
What is the thousands digit of 1690266?
0
What is the ten thousands digit of 11610687?
1
What is the hundreds digit of 2401401?
4
What is the ten thousands digit of 6676153?
7
What is the hundred thousands digit of 434076?
4
What is the ten thousands digit of 2068593?
6
What is the millions digit of 5609637?
5
What is the ten thousands digit of 183779?
8
What is the thousands digit of 2769160?
9
What is the hundred thousands digit of 896551?
8
What is the thousands digit of 301427?
1
What is the units digit of 12972738?
8
What is the ten thousands digit of 110493?
1
What is the units digit of 2564326?
6
What is the hundreds digit of 179193?
1
What is the millions digit of 1263656?
1
What is the hundred thousands digit of 1437878?
4
What is the ten thousands digit of 6902219?
0
What is the units digit of 809312?
2
What is the hundreds digit of 14353132?
1
What is the tens digit of 45306?
0
What is the ten thousands digit of 1405108?
0
What is the ten thousands digit of 2285179?
8
What is the ten thousands digit of 1865521?
6
What is the hundred thousands digit of 3409671?
4
What is the hundreds digit of 1164227?
2
What is the units digit of 585666?
6
What is the hundred thousands digit of 161566?
1
What is the hundreds digit of 163466?
4
What is the ten thousands digit of 3056684?
5
What is the ten thousands digit of 10575340?
7
What is the tens digit of 223279?
7
What is the ten millions digit of 22922966?
2
What is the units digit of 202174?
4
What is the units digit of 379844?
4
What is the thousands digit of 182863?
2
What is the hundreds digit of 139036?
0
What is the units digit of 119849?
9
What is the units digit of 548260?
0
What is the millions digit of 1031216?
1
What is the ten thousands digit of 189296?
8
What is the ten thousands digit of 211212?
1
What is the units digit of 605537?
7
What is the tens digit of 229966?
6
What is the thousands digit of 997662?
7
What is the millions digit of 1566447?
1
What is the units digit of 925368?
8
What is the hundreds digit of 577928?
9
What is the units digit of 2273500?
0
What is the tens digit of 1623576?
7
What is the hundred thousands digit of 1765294?
7
What is the ten millions digit of 10680634?
1
What is the millions digit of 10663771?
0
What is the millions digit of 3382196?
3
What is the ten thousands digit of 6016692?
1
What is the hundred thousands digit of 4272410?
2
What is the ten thousands digit of 23730474?
3
What is the hundred thousands digit of 944173?
9
What is the units digit of 182081?
1
What is the units digit of 563761?
1
What is the hundred thousands digit of 356865?
3
What is the ten thousands digit of 63549?
6
What is the units digit of 17766050?
0
What is the tens digit of 11087894?
9
What is the thousands digit of 1412136?
2
What is the ten thousands digit of 579824?
7
What is the units digit of 6822366?
6
What is the units digit of 388720?
0
What is the units digit of 4265595?
5
What is the units digit of 49030?
0
What is the units digit of 232606?
6
What is the thousands digit of 421533?
1
What is the hundreds digit of 732506?
5
What is the hundreds digit of 21686535?
5
What is the millions digit of 26558429?
6
What is the hundreds digit of 4688860?
8
What is the millions digit of 23919005?
3
What is the units digit of 292586?
6
What is the tens digit of 267707?
0
What is the hundred thousands digit of 477772?
4
What is the thousands digit of 71765?
1
What is the units digit of 1174762?
2
What is the thousands digit of 612918?
2
What is the hundreds digit of 371375?
3
What is the millions digit of 9446362?
9
What is the millions digit of 12150743?
2
What is the ten thousands digit of 5120067?
2
What is the thousands digit of 6714201?
4
What is the hundred thousands digit of 352316?
3
What is the hundreds digit of 744917?
9
What is the ten thousands digit of 110117?
1
What is the units digit of 213465?
5
What is the ten thousands digit of 262578?
6
What is the ten thousands digit of 246914?
4
What is the units digit of 6038?
8
What is the tens digit of 368521?
2
What is the units digit of 416092?
2
What is the hundred thousands digit of 3708926?
7
What is the hundreds digit of 391438?
4
What is the units digit of 668047?
7
What is the hundred thousands digit of 487527?
4
What is the hundreds digit of 2123531?
5
What is the units digit of 169677?
7
What is the thousands digit of 1071484?
1
What is the millions digit of 31138506?
1
What is the hundreds digit of 835057?
0
What is the thousands digit of 8168995?
8
What is the units digit of 2283268?
8
What is the hundreds digit of 294959?
9
What is the ten thousands digit of 104485?
0
What is the units digit of 38327841?
1
What is the hundreds digit of 494605?
6
What is the ten thousands digit of 20312308?
1
What is the units digit of 129880?
0
What is the millions digit of 23697994?
3
What is the millions digit of 6380915?
6
What is the units digit of 1310929?
9
What is the tens digit of 197211?
1
What is the units digit of 2005391?
1
What is the millions digit of 2052649?
2
What is the units digit of 971355?
5
What is the thousands digit of 308262?
8
What is the ten thousands digit of 208864?
0
What is the ten thousands digit of 76127?
7
What is the ten thousands digit of 659957?
5
What is the units digit of 2269469?
9
What is the millions digit of 2043579?
2
What is the ten thousands digit of 409471?
0
What is the hundreds digit of 14780?
7
What is the ten thousands digit of 721886?
2
What is the hundreds digit of 767115?
1
What is the tens digit of 26827?
2
What is the ten thousands digit of 13360?
1
What is the millions digit of 6143233?
6
What is the hundreds digit of 549213?
2
What is the millions digit of 5537277?
5
What is the hundred thousands digit of 8669028?
6
What is the units digit of 92101?
1
What is the ten millions digit of 18013189?
1
What is the ten thousands digit of 450274?
5
What is the hundreds digit of 26031795?
7
What is the thousands digit of 219222?
9
What is the units digit of 35363604?
4
What is the ten thousands digit of 392819?
9
What is the thousands digit of 3838962?
8
What is the ten thousands digit of 22127637?
2
What is the tens digit of 344341?
4
What is the thousands digit of 1252298?
2
What is the hundreds digit of 16889760?
7
What is the millions digit of 2491292?
2
What is the units digit of 531959?
9
What is the hundreds digit of 349919?
9
What is the tens digit of 3998163?
6
What is the thousands digit of 6494344?
4
What is the hundreds digit of 72536?
5
What is the units digit of 34395?
5
What is the ten thousands digit of 250851?
5
What is the units digit of 1850702?
2
What is the tens digit of 1